{"id":2780,"date":"2022-01-27T10:41:06","date_gmt":"2022-01-27T09:41:06","guid":{"rendered":"https:\/\/www.sundoo.es\/?page_id=2780"},"modified":"2025-09-06T16:07:49","modified_gmt":"2025-09-06T14:07:49","slug":"so-einfach-gehts","status":"publish","type":"page","link":"https:\/\/www.sundoo24.com\/teneriffa\/so-einfach-gehts\/","title":{"rendered":"So einfach geht&#8217;s"},"content":{"rendered":"<div class=\"wpb-content-wrapper\"><p>[vc_row][vc_column][vc_column_text css=&#8220;&#8220; css_params=&#8220;&#8220;]<\/p>\n<h1 class=\"mb-0\"><span style=\"font-size: 28px;\">So einfach geht&#8217;s<\/span><\/h1>\n<p><span class=\"text-color-primary\" style=\"font-size: 18px;\"><strong>Gep\u00e4ck sparen, Urlaub starten \u2013 Mietservice f\u00fcr smarte Familien<\/strong><\/span><\/p>\n<p>Ob Werkzeug, Kleidung oder Elektronik \u2013 immer mehr Menschen leihen Produkte genau dann, wenn sie sie wirklich brauchen. Das spart Geld, schont Ressourcen und vermeidet unn\u00f6tigen Abfall. Besonders auf Reisen zahlt sich diese Flexibilit\u00e4t aus: Wer mietet, statt zu kaufen oder alles von zuhause mitzuschleppen, startet leichter und entspannter in den Urlaub.<\/p>\n<p>Gerade Familien wissen, wie schnell Kinderwagen, Reisebetten, Kindersitze oder Kinderhochst\u00fchle das Gep\u00e4ck sprengen. Genau hier setzt <strong>SUNDOO Teneriffa<\/strong> an: Wir verleihen gepr\u00fcfte Baby- und Kinderausstattung sowie praktische Extras f\u00fcr Ihre Ferienunterkunft \u2013 einfach direkt bei Ankunft am Flughafen Teneriffa S\u00fcd (TFS) in Empfang nehmen und den Urlaub starten.<\/p>\n<p>Alle Artikel erf\u00fcllen strenge Sicherheits- und Hygienestandards, werden nach jeder Nutzung professionell gereinigt und regelm\u00e4\u00dfig erneuert. Einfach online reservieren, sorgenfrei ankommen und den Urlaub von der ersten Minute an genie\u00dfen. Reisen Sie unbeschwert: Mieten Sie, was Sie brauchen, sparen Sie Platz, Geld und Nerven \u2013 und tun Sie ganz nebenbei etwas Gutes f\u00fcr die Umwelt.[\/vc_column_text][\/vc_column][\/vc_row][vc_row][vc_column css=&#8220;.vc_custom_1647684615994{margin-top: 10px !important;margin-bottom: -25px !important;}&#8220;][vc_column_text]<\/p>\n<h2><span style=\"font-size: 28px;\"><strong>So bestellen Sie:<\/strong><\/span><\/h2>\n<p>[\/vc_column_text][\/vc_column][\/vc_row][vc_row][vc_column width=&#8220;1\/4&#8243;]<div class=\"porto-content-box featured-boxes wpb_content_element featured-boxes-flat featured-boxes-style-3\"><div class=\"featured-box featured-box-primary \"><div class=\"box-content\" style=\"\"><i class=\"icon-featured fas fa-shopping-cart text-color-primary border-color-primary\"><\/i>[vc_column_text]<span class=\"text-color-primary\" style=\"font-size: 20px;\"><strong>ARTIKEL<br \/>\nAUSSUCHEN<\/strong><\/span><\/p>\n<p>W\u00e4hlen Sie die gew\u00fcnschten Artikel aus und f\u00fcgen Sie diese dem Warenkorb hinzu.[\/vc_column_text]<\/div><\/div><\/div>[\/vc_column][vc_column width=&#8220;1\/4&#8243;]<div class=\"porto-content-box featured-boxes wpb_content_element featured-boxes-flat featured-boxes-style-3\"><div class=\"featured-box featured-box-secondary \"><div class=\"box-content\" style=\"\"><i class=\"icon-featured fas fa-paper-plane text-color-secondary border-color-secondary\"><\/i>[vc_column_text]<span class=\"text-color-secondary\" style=\"font-size: 20px;\"><strong>ANFRAGE ABSCHICKEN<\/strong><\/span><\/p>\n<p>Wenn sich alle Produkte im Warenkorb befinden, geben Sie Ihre Kontaktinformationen ein und senden Sie Ihre Anfrage ab.[\/vc_column_text]<\/div><\/div><\/div>[\/vc_column][vc_column width=&#8220;1\/4&#8243;]<div class=\"porto-content-box featured-boxes wpb_content_element featured-boxes-flat featured-boxes-style-3\"><div class=\"featured-box featured-box-tertiary \"><div class=\"box-content\" style=\"\"><i class=\"icon-featured fas fa-check text-color-tertiary border-color-tertiary\"><\/i>[vc_column_text]<span class=\"text-color-tertiary\" style=\"font-size: 20px;\"><strong>BEST\u00c4TIGUNG ERHALTEN<\/strong><\/span><\/p>\n<p>Sie werden innerhalb von 24 Stunden eine Best\u00e4tigung von uns bekommen, ob die angeforderten Artikel zu Ihrem Reisedatum lieferbar sind.[\/vc_column_text]<\/div><\/div><\/div>[\/vc_column][vc_column width=&#8220;1\/4&#8243;]<div class=\"porto-content-box featured-boxes wpb_content_element featured-boxes-flat featured-boxes-style-3\"><div class=\"featured-box featured-box-quaternary \"><div class=\"box-content\" style=\"\"><i class=\"icon-featured fas fa-thumbs-up text-color-quaternary border-color-quaternary\"><\/i>[vc_column_text]<span class=\"text-color-quaternary\" style=\"font-size: 20px;\"><strong>RESERVIERUNG<\/strong><\/span><\/p>\n<p>Sie leisten die Zahlung des Mietpreises (Bank\u00fcberweisung oder PayPal), um die Buchung abzuschlie\u00dfen.[\/vc_column_text]<\/div><\/div><\/div>[\/vc_column][\/vc_row][vc_row][vc_column css=&#8220;.vc_custom_1647684625973{margin-top: 10px !important;margin-bottom: -25px !important;}&#8220;][vc_column_text]<\/p>\n<h2><span style=\"font-size: 28px;\"><strong>So nehmen Sie Ihre Artikel in Empfang:<\/strong><\/span><\/h2>\n<p>[\/vc_column_text][\/vc_column][\/vc_row][vc_row][vc_column width=&#8220;1\/3&#8243;]<div class=\"porto-content-box featured-boxes wpb_content_element featured-boxes-flat featured-boxes-style-3\"><div class=\"featured-box featured-box-primary \"><div class=\"box-content\" style=\"\"><i class=\"icon-featured far fa-calendar-alt text-color-primary border-color-primary\"><\/i>[vc_column_text css=&#8220;&#8220; css_params=&#8220;&#8220;]<span class=\"text-color-primary\" style=\"font-size: 20px;\"><strong>TERMINABSPRACHE<\/strong><\/span><\/p>\n<p>\u00dcbergabe der Produkte nach Terminabsprache bei Ankunft direkt am Flughafen Teneriffa S\u00fcd rund um die Uhr 24\/7.[\/vc_column_text]<\/div><\/div><\/div>[\/vc_column][vc_column width=&#8220;1\/3&#8243;]<div class=\"porto-content-box featured-boxes wpb_content_element featured-boxes-flat featured-boxes-style-3\"><div class=\"featured-box featured-box-secondary \"><div class=\"box-content\" style=\"\"><i class=\"icon-featured fas fa-sync-alt text-color-secondary border-color-secondary\"><\/i>[vc_column_text css=&#8220;&#8220;]<span class=\"text-color-secondary\" style=\"font-size: 20px;\"><strong>WAREN\u00dcBERGABE<\/strong><\/span><\/p>\n<p>Die Waren\u00fcbergabe findet zum festgelegten Termin statt. Sie hinterlegen die Kaution f\u00fcr die Mietsache(n) in Bar.[\/vc_column_text]<\/div><\/div><\/div>[\/vc_column][vc_column width=&#8220;1\/3&#8243;]<div class=\"porto-content-box featured-boxes wpb_content_element featured-boxes-flat featured-boxes-style-3\"><div class=\"featured-box featured-box-tertiary \"><div class=\"box-content\" style=\"\"><i class=\"icon-featured fas fa-truck text-color-tertiary border-color-tertiary\"><\/i>[vc_column_text css=&#8220;&#8220; css_params=&#8220;&#8220;]<span class=\"text-color-tertiary\" style=\"font-size: 20px;\"><strong>WARENR\u00dcCKGABE<\/strong><\/span><\/p>\n<p>Zum vereinbarten Termin holen wir die Waren am Flughafen Teneriffa S\u00fcd ab und wir erstatten Ihnen die Kaution zur\u00fcck.[\/vc_column_text]<\/div><\/div><\/div>[\/vc_column][\/vc_row]<\/p>\n<\/div>","protected":false},"excerpt":{"rendered":"<p>[vc_row][vc_column][vc_column_text css=&#8220;&#8220; css_params=&#8220;&#8220;] So einfach geht&#8217;s Gep\u00e4ck sparen, Urlaub starten \u2013 Mietservice f\u00fcr smarte Familien Ob Werkzeug, Kleidung oder Elektronik \u2013 immer mehr Menschen leihen Produkte genau dann, wenn sie sie wirklich brauchen. Das spart Geld, schont Ressourcen und vermeidet unn\u00f6tigen Abfall. Besonders auf Reisen zahlt sich diese Flexibilit\u00e4t aus: Wer mietet, statt zu kaufen [&hellip;]<\/p>\n","protected":false},"author":3,"featured_media":0,"parent":0,"menu_order":0,"comment_status":"closed","ping_status":"closed","template":"","meta":{"_pvb_checkbox_block_on_post":false,"footnotes":""},"class_list":["post-2780","page","type-page","status-publish","hentry"],"yoast_head":"\n<title>Kindersitze ausleihen am Flughafen Teneriffa S\u00fcd - So geht&#039;s | Sundoo24.com<\/title>\n<meta name=\"description\" content=\"Leihen statt schleppen: Kindersitze, Kinderwagen &amp; Babyzubeh\u00f6r am Flughafen Teneriffa S\u00fcd (TFS). Online buchen, sauber &amp; sicher abholen.\" \/>\n<meta name=\"robots\" content=\"index, follow, max-snippet:-1, max-image-preview:large, max-video-preview:-1\" \/>\n<link rel=\"canonical\" href=\"https:\/\/www.sundoo24.com\/teneriffa\/so-einfach-gehts\/\" \/>\n<meta property=\"og:locale\" content=\"de_DE\" \/>\n<meta property=\"og:type\" content=\"article\" \/>\n<meta property=\"og:title\" content=\"Kindersitze ausleihen am Flughafen Teneriffa S\u00fcd - So geht&#039;s | Sundoo24.com\" \/>\n<meta property=\"og:description\" content=\"Leihen statt schleppen: Kindersitze, Kinderwagen &amp; Babyzubeh\u00f6r am Flughafen Teneriffa S\u00fcd (TFS). Online buchen, sauber &amp; sicher abholen.\" \/>\n<meta property=\"og:url\" content=\"https:\/\/www.sundoo24.com\/teneriffa\/so-einfach-gehts\/\" \/>\n<meta property=\"og:site_name\" content=\"Sundoo24.com\" \/>\n<meta property=\"article:modified_time\" content=\"2025-09-06T14:07:49+00:00\" \/>\n<meta name=\"twitter:card\" content=\"summary_large_image\" \/>\n<meta name=\"twitter:title\" content=\"Kindersitze ausleihen am Flughafen Teneriffa S\u00fcd - So geht&#039;s | Sundoo24.com\" \/>\n<meta name=\"twitter:description\" content=\"Leihen statt schleppen: Kindersitze, Kinderwagen &amp; Babyzubeh\u00f6r am Flughafen Teneriffa S\u00fcd (TFS). Online buchen, sauber &amp; sicher abholen.\" \/>\n<script type=\"application\/ld+json\" class=\"yoast-schema-graph\">{\"@context\":\"https:\/\/schema.org\",\"@graph\":[{\"@type\":\"WebPage\",\"@id\":\"https:\/\/www.sundoo24.com\/teneriffa\/so-einfach-gehts\/\",\"url\":\"https:\/\/www.sundoo24.com\/teneriffa\/so-einfach-gehts\/\",\"name\":\"Kindersitze ausleihen am Flughafen Teneriffa S\u00fcd - So geht's | Sundoo24.com\",\"isPartOf\":{\"@id\":\"https:\/\/www.sundoo24.com\/teneriffa\/#website\"},\"description\":\"Leihen statt schleppen: Kindersitze, Kinderwagen & Babyzubeh\u00f6r am Flughafen Teneriffa S\u00fcd (TFS). Online buchen, sauber & sicher abholen.\",\"inLanguage\":\"de\",\"potentialAction\":[{\"@type\":\"ReadAction\",\"target\":[\"https:\/\/www.sundoo24.com\/teneriffa\/so-einfach-gehts\/\"]}]},{\"@type\":\"WebSite\",\"@id\":\"https:\/\/www.sundoo24.com\/teneriffa\/#website\",\"url\":\"https:\/\/www.sundoo24.com\/teneriffa\/\",\"name\":\"SUNDOO Teneriffa\",\"description\":\"Reisen Sie mit leichtem Gep\u00e4ck - Wir haben den passenden Kindersitz f\u00fcr Sie am Flughafen Teneriffa S\u00fcd.\",\"potentialAction\":[{\"@type\":\"SearchAction\",\"target\":{\"@type\":\"EntryPoint\",\"urlTemplate\":\"https:\/\/www.sundoo24.com\/teneriffa\/?s={search_term_string}\"},\"query-input\":{\"@type\":\"PropertyValueSpecification\",\"valueRequired\":true,\"valueName\":\"search_term_string\"}}],\"inLanguage\":\"de\"}]}<\/script>\n","yoast_head_json":{"title":"Kindersitze ausleihen am Flughafen Teneriffa S\u00fcd - So geht's | Sundoo24.com","description":"Leihen statt schleppen: Kindersitze, Kinderwagen & Babyzubeh\u00f6r am Flughafen Teneriffa S\u00fcd (TFS). Online buchen, sauber & sicher abholen.","robots":{"index":"index","follow":"follow","max-snippet":"max-snippet:-1","max-image-preview":"max-image-preview:large","max-video-preview":"max-video-preview:-1"},"canonical":"https:\/\/www.sundoo24.com\/teneriffa\/so-einfach-gehts\/","og_locale":"de_DE","og_type":"article","og_title":"Kindersitze ausleihen am Flughafen Teneriffa S\u00fcd - So geht's | Sundoo24.com","og_description":"Leihen statt schleppen: Kindersitze, Kinderwagen & Babyzubeh\u00f6r am Flughafen Teneriffa S\u00fcd (TFS). Online buchen, sauber & sicher abholen.","og_url":"https:\/\/www.sundoo24.com\/teneriffa\/so-einfach-gehts\/","og_site_name":"Sundoo24.com","article_modified_time":"2025-09-06T14:07:49+00:00","twitter_card":"summary_large_image","twitter_title":"Kindersitze ausleihen am Flughafen Teneriffa S\u00fcd - So geht's | Sundoo24.com","twitter_description":"Leihen statt schleppen: Kindersitze, Kinderwagen & Babyzubeh\u00f6r am Flughafen Teneriffa S\u00fcd (TFS). Online buchen, sauber & sicher abholen.","schema":{"@context":"https:\/\/schema.org","@graph":[{"@type":"WebPage","@id":"https:\/\/www.sundoo24.com\/teneriffa\/so-einfach-gehts\/","url":"https:\/\/www.sundoo24.com\/teneriffa\/so-einfach-gehts\/","name":"Kindersitze ausleihen am Flughafen Teneriffa S\u00fcd - So geht's | Sundoo24.com","isPartOf":{"@id":"https:\/\/www.sundoo24.com\/teneriffa\/#website"},"description":"Leihen statt schleppen: Kindersitze, Kinderwagen & Babyzubeh\u00f6r am Flughafen Teneriffa S\u00fcd (TFS). Online buchen, sauber & sicher abholen.","inLanguage":"de","potentialAction":[{"@type":"ReadAction","target":["https:\/\/www.sundoo24.com\/teneriffa\/so-einfach-gehts\/"]}]},{"@type":"WebSite","@id":"https:\/\/www.sundoo24.com\/teneriffa\/#website","url":"https:\/\/www.sundoo24.com\/teneriffa\/","name":"SUNDOO Teneriffa","description":"Reisen Sie mit leichtem Gep\u00e4ck - Wir haben den passenden Kindersitz f\u00fcr Sie am Flughafen Teneriffa S\u00fcd.","potentialAction":[{"@type":"SearchAction","target":{"@type":"EntryPoint","urlTemplate":"https:\/\/www.sundoo24.com\/teneriffa\/?s={search_term_string}"},"query-input":{"@type":"PropertyValueSpecification","valueRequired":true,"valueName":"search_term_string"}}],"inLanguage":"de"}]}},"_links":{"self":[{"href":"https:\/\/www.sundoo24.com\/teneriffa\/wp-json\/wp\/v2\/pages\/2780","targetHints":{"allow":["GET"]}}],"collection":[{"href":"https:\/\/www.sundoo24.com\/teneriffa\/wp-json\/wp\/v2\/pages"}],"about":[{"href":"https:\/\/www.sundoo24.com\/teneriffa\/wp-json\/wp\/v2\/types\/page"}],"author":[{"embeddable":true,"href":"https:\/\/www.sundoo24.com\/teneriffa\/wp-json\/wp\/v2\/users\/3"}],"replies":[{"embeddable":true,"href":"https:\/\/www.sundoo24.com\/teneriffa\/wp-json\/wp\/v2\/comments?post=2780"}],"version-history":[{"count":15,"href":"https:\/\/www.sundoo24.com\/teneriffa\/wp-json\/wp\/v2\/pages\/2780\/revisions"}],"predecessor-version":[{"id":7808,"href":"https:\/\/www.sundoo24.com\/teneriffa\/wp-json\/wp\/v2\/pages\/2780\/revisions\/7808"}],"wp:attachment":[{"href":"https:\/\/www.sundoo24.com\/teneriffa\/wp-json\/wp\/v2\/media?parent=2780"}],"curies":[{"name":"wp","href":"https:\/\/api.w.org\/{rel}","templated":true}]}}