{"id":3245,"date":"2022-02-09T11:25:49","date_gmt":"2022-02-09T10:25:49","guid":{"rendered":"https:\/\/www.sundoo.es\/?post_type=product&#038;p=3245"},"modified":"2025-12-07T10:30:29","modified_gmt":"2025-12-07T09:30:29","slug":"location-barriere-de-lit-enfant","status":"publish","type":"product","link":"https:\/\/www.sundoo24.com\/fr\/tenerife\/produit\/location-barriere-de-lit-enfant\/","title":{"rendered":"Barri\u00e8re de lit pour enfants en Tenerife"},"content":{"rendered":"<p><strong>Vous avez atterri, r\u00e9cup\u00e9r\u00e9 votre valise et votre barri\u00e8re de lit SUNDOO r\u00e9serv\u00e9e est pr\u00eate \u00e0 \u00eatre r\u00e9cup\u00e9r\u00e9e. Pli\u00e9 \u00e0 plat, cet article l\u00e9ger se range en un clin d&rsquo;\u0153il dans le coffre. Dans votre maison de vacances, il suffit de glisser le cadre pliable sous le matelas. Votre enfant retrouve ainsi son environnement familier, vous \u00e9vitez les bagages encombrants, les dommages li\u00e9s au transport et, surtout, vous n&rsquo;avez plus besoin d&rsquo;\u00e9couter la nuit pour voir si quelqu&rsquo;un tombe du lit.<\/strong><\/p>\n<p>Qu&rsquo;il s&rsquo;agisse d&rsquo;un lit b\u00e9b\u00e9, du lit des parents ou d&rsquo;un lit d&rsquo;h\u00f4tel : la barri\u00e8re de s\u00e9curit\u00e9 de 106 cm de long s&rsquo;adapte \u00e0 presque tous les lits, peut \u00eatre repli\u00e9e pendant la journ\u00e9e et transforme le lit en un endroit s\u00fbr pour c\u00e2liner et lire. La barri\u00e8re de s\u00e9curit\u00e9 est nettoy\u00e9e de mani\u00e8re hygi\u00e9nique et test\u00e9e jusqu&rsquo;\u00e0 22 kg. Ainsi, les enfants et les parents peuvent dormir paisiblement et commencer chaque jour de leurs vacances en pleine forme.<\/p>\n<p><strong>Il vous suffit de louer votre barri\u00e8re de lit pliable \u00e0 l&rsquo;a\u00e9roport de Tenerife Sud (TFS) en r\u00e9servant en ligne. Vous pouvez \u00e9galement la restituer facilement au m\u00eame endroit avant votre d\u00e9part. Une solution transparente et sans stress, pour que vos vacances commencent d\u00e8s que vous faites vos valises<\/strong><\/p>\n<h2 style=\"padding-top: 10px; padding-bottom: 5px;\"><strong>Vos avantages avec SUNDOO Tenerife<\/strong><\/h2>\n<ul class=\"list list-icons\">\n<li><i class=\"porto-icon-shipping-truck\"><\/i><strong><span class=\"text-dark\">Pr\u00eat \u00e0 partir imm\u00e9diatement :<\/span><\/strong><br \/>\nLivraison et restitution directement \u00e0 l&rsquo;a\u00e9roport, 24 heures sur 24.<\/li>\n<li><i class=\"porto-icon-clock\"><\/i><strong><span class=\"text-dark\">Pas de longs d\u00e9lais d&rsquo;attente :<\/span><\/strong><br \/>\nLes articles lou\u00e9s sont imm\u00e9diatement disponibles &#8211; livraison et restitution en quelques minutes.<\/li>\n<li><i class=\"porto-icon-percent-circle\"><\/i><strong><span class=\"text-dark\">R\u00e9duisez vos co\u00fbts :<\/span><\/strong><br \/>\nJusqu&rsquo;\u00e0 50 % moins cher que les forfaits journaliers de nombreux loueurs de voitures.<\/li>\n<li><i class=\"porto-icon-check-circle\"><\/i><strong><span class=\"text-dark\">Propres et contr\u00f4l\u00e9s :<\/span><\/strong><br \/>\nChaque article lou\u00e9 est nettoy\u00e9 de mani\u00e8re professionnelle et r\u00e9pond aux normes europ\u00e9ennes en vigueur.<\/li>\n<\/ul>\n<h2 style=\"padding-top: 10px; padding-bottom: 5px;\"><strong>Pourquoi la location d&rsquo;une barri\u00e8re de lit est-elle un bon choix ?<\/strong><\/h2>\n<p><strong>Quand il s&rsquo;agit de vacances en famille, une chose prime avant tout : que tout le monde passe une bonne nuit de sommeil. Cela est particuli\u00e8rement vrai lors du passage du lit b\u00e9b\u00e9 au \u00ab grand \u00bb lit. Chez SUNDOO, vous pouvez louer la barri\u00e8re de lit Safety 1st, qui a fait ses preuves.<\/strong> Il se glisse simplement sous le matelas, mesure 106 cm de large (109 cm ouvert) le long du bord du lit et emp\u00eache efficacement votre enfant de rouler sur le sol pendant la nuit.<\/p>\n<p>Gr\u00e2ce \u00e0 son cadre m\u00e9tallique pliable, le prot\u00e8ge-chute se replie \u00e0 une longueur de seulement 71 cm pour le transport, se range \u00e0 plat dans le coffre ou l&rsquo;armoire et peut \u00eatre r\u00e9assembl\u00e9 en deux \u00e9tapes simples une fois arriv\u00e9 \u00e0 destination. Le verrouillage automatique s&rsquo;enclenche automatiquement lorsqu&rsquo;il est repli\u00e9, et le filet perm\u00e9able \u00e0 l&rsquo;air assure un contact visuel et une bonne ventilation.<\/p>\n<p>La barri\u00e8re de lit rabattable convient aux lits standard ou aux sommiers \u00e0 lattes avec matelas. Il suffit de la rabattre pour entrer et sortir du lit. <strong>Le service de location SUNDOO livre \u00e9galement les articles fra\u00eechement nettoy\u00e9s et soigneusement st\u00e9rilis\u00e9s. Ainsi, parents et enfants peuvent profiter de nuits paisibles et s\u00fbres, m\u00eame dans leur maison de vacances.<\/strong><\/p>\n<div style=\"padding-top: 10px; padding-bottom: 5px;\"><strong>Avantages :<\/strong><\/div>\n<ul class=\"list list-icons list-icons-style-3 list-icons-sm ml-4\">\n<li><i class=\"fas fa-check\"><\/i> Convient aux b\u00e9b\u00e9s et aux enfants<\/li>\n<li><i class=\"fas fa-check\"><\/i> Se fixe sous le matelas en quelques secondes<\/li>\n<li><i class=\"fas fa-check\"><\/i> Protection anti-chute de 106 cm de long, pliable pour faciliter l&rsquo;acc\u00e8s au lit<\/li>\n<li><i class=\"fas fa-check\"><\/i> S&rsquo;adapte \u00e0 tous les lits standard pour matelas (156 \u00e0 190 cm de long)<\/li>\n<li><i class=\"fas fa-check\"><\/i> Structure m\u00e9tallique robuste avec filet respirant<\/li>\n<li><i class=\"fas fa-check\"><\/i> Se plie \u00e0 71 cm, facile \u00e0 transporter<\/li>\n<\/ul>\n<div style=\"padding-top: 5px; padding-bottom: 5px;\"><strong>Caract\u00e9ristiques d\u00e9taill\u00e9es :<\/strong><\/div>\n<ul class=\"list list-icons list-icons-style-3 list-icons-sm ml-4\">\n<li><i class=\"fas fa-angle-right\"><\/i> Poids : 2,7 kg<\/li>\n<li><i class=\"fas fa-angle-right\"><\/i> Dimensions : 106 x 37 x 42 cm<\/li>\n<li><i class=\"fas fa-angle-right\"><\/i> Poids maximal recommand\u00e9 : 22 kg<\/li>\n<li><i class=\"fas fa-angle-right\"><\/i> \u00c2ge recommand\u00e9 : 18 mois \u00e0 5 ans<\/li>\n<\/ul>\n<div class=\"alert alert-danger\"><span class=\"font-weight-bold\">Le montant minimum de commande de 29,90 EUR n&rsquo;est pas atteint ?<\/span><br \/>\nFaites plaisir \u00e0 votre enfant : louez par exemple un <span class=\"text-nowrap\"><i class=\"fa fa-caret-right text-primary mr-0\"><\/i> <a class=\"font-weight-bold\" href=\"https:\/\/www.sundoo24.com\/fr\/tenerife\/produit\/louer-trottinette-pour-enfants\/\">trottinette pour enfants avec roues lumineuses<\/a><\/span>, un <span class=\"text-nowrap\"><i class=\"fa fa-caret-right text-primary mr-0\"><\/i> <a class=\"font-weight-bold\" href=\"https:\/\/www.sundoo24.com\/fr\/tenerife\/produit\/location-draisienne-pour-enfants\/\">v\u00e9lo sans p\u00e9dales cool<\/a><\/span> ou un <span class=\"text-nowrap\"><i class=\"fa fa-caret-right text-primary mr-0\"><\/i> <a class=\"font-weight-bold\" href=\"https:\/\/www.sundoo24.com\/fr\/tenerife\/produit\/location-draisienne-pukylino-pour-enfants\/\">Pukylino pour les plus petits<\/a><\/span> \u2013 le tout fra\u00eechement nettoy\u00e9 et \u00e0 un prix journalier avantageux. Ainsi, votre arriv\u00e9e \u00e0 Tenerife Sud sera d\u00e9j\u00e0 un moment fort \u2013 et votre budget restera d\u00e9tendu.<\/div>\n","protected":false},"excerpt":{"rendered":"<div class=\"mb-2\"><img loading=\"lazy\" decoding=\"async\" class=\"alignleft size-full wp-image-5378\" title=\"Faites votre r\u00e9servation d\u00e8s maintenant et b\u00e9n\u00e9ficiez d'un prix avantageux !\" src=\"https:\/\/www.sundoo24.com\/fr\/tenerife\/wp-content\/uploads\/2025\/09\/fruebucherrabatt1.jpg\" alt=\"Promo r\u00e9servation anticip\u00e9e SUNDOO Tenerife\" width=\"360\" height=\"30\" \/><\/div>\n<p>Barri\u00e8res de lit \/ protection anti-chute \u00e0 louer \u00e0 l&rsquo;a\u00e9roport de Tenerife. Convient aux b\u00e9b\u00e9s et aux enfants jusqu&rsquo;\u00e0 22 kg. Il suffit de la fixer sous le matelas du lit pour emp\u00eacher l&rsquo;enfant de tomber et garantir sa s\u00e9curit\u00e9. La barri\u00e8re de lit pliable s&rsquo;adapte \u00e0 tous les lits et garantit un sommeil d\u00e9tendu et des nuits paisibles. <strong>Livraison et r\u00e9cup\u00e9ration \u00e0 l&rsquo;a\u00e9roport de Tenerife 24 heures sur 24, de minuit \u00e0 minuit.<\/strong><\/p>\n<div class=\"alert alert-success font-weight-bold\">Remarque : le jour de votre arriv\u00e9e et le jour de votre d\u00e9part sont compt\u00e9s comme une journ\u00e9e de location compl\u00e8te, car l&rsquo;article lou\u00e9 vous est r\u00e9serv\u00e9 exclusivement pendant cette p\u00e9riode.<\/div>\n","protected":false},"featured_media":7883,"comment_status":"open","ping_status":"closed","template":"","meta":[],"product_brand":[],"product_cat":[235,238,181,171],"product_tag":[],"class_list":{"0":"post-3245","1":"product","2":"type-product","3":"status-publish","4":"has-post-thumbnail","6":"product_cat-aeroport-de-tenerife-sud","7":"product_cat-barriere-de-lit","8":"product_cat-lits-sommeil","9":"product_cat-location","11":"first","12":"instock","13":"shipping-taxable","14":"purchasable","15":"product-type-variable"},"yoast_head":"\n<title>Location pas ch\u00e8re de barri\u00e8res de lit \u00e0 Tenerife Sud<\/title>\n<meta name=\"description\" content=\"D\u00e8s 2,49 \u20ac\/jour. Location de barri\u00e8res de lit \u00e0 l\u2019a\u00e9roport de Tenerife Sud (TFS). S\u00e9curit\u00e9 enfant, faciles \u00e0 monter, adapt\u00e9es \u00e0 tous les lits.\" \/>\n<meta name=\"robots\" content=\"index, follow, max-snippet:-1, max-image-preview:large, max-video-preview:-1\" \/>\n<link rel=\"canonical\" href=\"https:\/\/www.sundoo24.com\/fr\/tenerife\/produit\/location-barriere-de-lit-enfant\/\" \/>\n<meta property=\"og:locale\" content=\"fr_FR\" \/>\n<meta property=\"og:type\" content=\"article\" \/>\n<meta property=\"og:title\" content=\"Location pas ch\u00e8re de barri\u00e8res de lit \u00e0 Tenerife Sud\" \/>\n<meta property=\"og:description\" content=\"D\u00e8s 2,49 \u20ac\/jour. Location de barri\u00e8res de lit \u00e0 l\u2019a\u00e9roport de Tenerife Sud (TFS). S\u00e9curit\u00e9 enfant, faciles \u00e0 monter, adapt\u00e9es \u00e0 tous les lits.\" \/>\n<meta property=\"og:url\" content=\"https:\/\/www.sundoo24.com\/fr\/tenerife\/produit\/location-barriere-de-lit-enfant\/\" \/>\n<meta property=\"og:site_name\" content=\"Sundoo24.com\" \/>\n<meta property=\"article:modified_time\" content=\"2025-12-07T09:30:29+00:00\" \/>\n<meta property=\"og:image\" content=\"https:\/\/www.sundoo24.com\/fr\/tenerife\/wp-content\/uploads\/2022\/02\/location-barriere-de-lit-enfant-tenerife.jpg\" \/>\n\t<meta property=\"og:image:width\" content=\"600\" \/>\n\t<meta property=\"og:image:height\" content=\"600\" \/>\n\t<meta property=\"og:image:type\" content=\"image\/jpeg\" \/>\n<meta name=\"twitter:card\" content=\"summary_large_image\" \/>\n<meta name=\"twitter:title\" content=\"Location pas ch\u00e8re de barri\u00e8res de lit \u00e0 Tenerife Sud\" \/>\n<meta name=\"twitter:description\" content=\"D\u00e8s 2,49 \u20ac\/jour. Location de barri\u00e8res de lit \u00e0 l\u2019a\u00e9roport de Tenerife Sud (TFS). S\u00e9curit\u00e9 enfant, faciles \u00e0 monter, adapt\u00e9es \u00e0 tous les lits.\" \/>\n<meta name=\"twitter:image\" content=\"https:\/\/www.sundoo24.com\/fr\/tenerife\/wp-content\/uploads\/2022\/02\/location-barriere-de-lit-enfant-tenerife.jpg\" \/>\n<script type=\"application\/ld+json\" class=\"yoast-schema-graph\">{\"@context\":\"https:\/\/schema.org\",\"@graph\":[{\"@type\":\"WebPage\",\"@id\":\"https:\/\/www.sundoo24.com\/fr\/tenerife\/produit\/location-barriere-de-lit-enfant\/\",\"url\":\"https:\/\/www.sundoo24.com\/fr\/tenerife\/produit\/location-barriere-de-lit-enfant\/\",\"name\":\"Location pas ch\u00e8re de barri\u00e8res de lit \u00e0 Tenerife Sud\",\"isPartOf\":{\"@id\":\"https:\/\/www.sundoo24.com\/fr\/tenerife\/#website\"},\"primaryImageOfPage\":{\"@id\":\"https:\/\/www.sundoo24.com\/fr\/tenerife\/produit\/location-barriere-de-lit-enfant\/#primaryimage\"},\"image\":{\"@id\":\"https:\/\/www.sundoo24.com\/fr\/tenerife\/produit\/location-barriere-de-lit-enfant\/#primaryimage\"},\"thumbnailUrl\":\"https:\/\/www.sundoo24.com\/fr\/tenerife\/wp-content\/uploads\/2022\/02\/location-barriere-de-lit-enfant-tenerife.jpg\",\"description\":\"D\u00e8s 2,49 \u20ac\/jour. Location de barri\u00e8res de lit \u00e0 l\u2019a\u00e9roport de Tenerife Sud (TFS). S\u00e9curit\u00e9 enfant, faciles \u00e0 monter, adapt\u00e9es \u00e0 tous les lits.\",\"breadcrumb\":{\"@id\":\"https:\/\/www.sundoo24.com\/fr\/tenerife\/produit\/location-barriere-de-lit-enfant\/#breadcrumb\"},\"inLanguage\":\"fr-FR\",\"potentialAction\":[{\"@type\":\"ReadAction\",\"target\":[\"https:\/\/www.sundoo24.com\/fr\/tenerife\/produit\/location-barriere-de-lit-enfant\/\"]}]},{\"@type\":\"ImageObject\",\"inLanguage\":\"fr-FR\",\"@id\":\"https:\/\/www.sundoo24.com\/fr\/tenerife\/produit\/location-barriere-de-lit-enfant\/#primaryimage\",\"url\":\"https:\/\/www.sundoo24.com\/fr\/tenerife\/wp-content\/uploads\/2022\/02\/location-barriere-de-lit-enfant-tenerife.jpg\",\"contentUrl\":\"https:\/\/www.sundoo24.com\/fr\/tenerife\/wp-content\/uploads\/2022\/02\/location-barriere-de-lit-enfant-tenerife.jpg\",\"width\":600,\"height\":600,\"caption\":\"Location barri\u00e8res de lit Tenerife\"},{\"@type\":\"BreadcrumbList\",\"@id\":\"https:\/\/www.sundoo24.com\/fr\/tenerife\/produit\/location-barriere-de-lit-enfant\/#breadcrumb\",\"itemListElement\":[{\"@type\":\"ListItem\",\"position\":1,\"name\":\"Mietartikel\",\"item\":\"https:\/\/www.sundoo24.com\/fr\/tenerife\/shop\/\"},{\"@type\":\"ListItem\",\"position\":2,\"name\":\"Barri\u00e8re de lit pour enfants en Tenerife\"}]},{\"@type\":\"WebSite\",\"@id\":\"https:\/\/www.sundoo24.com\/fr\/tenerife\/#website\",\"url\":\"https:\/\/www.sundoo24.com\/fr\/tenerife\/\",\"name\":\"SUNDOO Teneriffa\",\"description\":\"Voyagez l\u00e9ger \u2013 nous avons le si\u00e8ge-auto qu\u2019il vous faut \u00e0 l\u2019a\u00e9roport de Tenerife Sud\",\"potentialAction\":[{\"@type\":\"SearchAction\",\"target\":{\"@type\":\"EntryPoint\",\"urlTemplate\":\"https:\/\/www.sundoo24.com\/fr\/tenerife\/?s={search_term_string}\"},\"query-input\":{\"@type\":\"PropertyValueSpecification\",\"valueRequired\":true,\"valueName\":\"search_term_string\"}}],\"inLanguage\":\"fr-FR\"}]}<\/script>\n","yoast_head_json":{"title":"Location pas ch\u00e8re de barri\u00e8res de lit \u00e0 Tenerife Sud","description":"D\u00e8s 2,49 \u20ac\/jour. Location de barri\u00e8res de lit \u00e0 l\u2019a\u00e9roport de Tenerife Sud (TFS). S\u00e9curit\u00e9 enfant, faciles \u00e0 monter, adapt\u00e9es \u00e0 tous les lits.","robots":{"index":"index","follow":"follow","max-snippet":"max-snippet:-1","max-image-preview":"max-image-preview:large","max-video-preview":"max-video-preview:-1"},"canonical":"https:\/\/www.sundoo24.com\/fr\/tenerife\/produit\/location-barriere-de-lit-enfant\/","og_locale":"fr_FR","og_type":"article","og_title":"Location pas ch\u00e8re de barri\u00e8res de lit \u00e0 Tenerife Sud","og_description":"D\u00e8s 2,49 \u20ac\/jour. Location de barri\u00e8res de lit \u00e0 l\u2019a\u00e9roport de Tenerife Sud (TFS). S\u00e9curit\u00e9 enfant, faciles \u00e0 monter, adapt\u00e9es \u00e0 tous les lits.","og_url":"https:\/\/www.sundoo24.com\/fr\/tenerife\/produit\/location-barriere-de-lit-enfant\/","og_site_name":"Sundoo24.com","article_modified_time":"2025-12-07T09:30:29+00:00","og_image":[{"width":600,"height":600,"url":"https:\/\/www.sundoo24.com\/fr\/tenerife\/wp-content\/uploads\/2022\/02\/location-barriere-de-lit-enfant-tenerife.jpg","type":"image\/jpeg"}],"twitter_card":"summary_large_image","twitter_title":"Location pas ch\u00e8re de barri\u00e8res de lit \u00e0 Tenerife Sud","twitter_description":"D\u00e8s 2,49 \u20ac\/jour. Location de barri\u00e8res de lit \u00e0 l\u2019a\u00e9roport de Tenerife Sud (TFS). S\u00e9curit\u00e9 enfant, faciles \u00e0 monter, adapt\u00e9es \u00e0 tous les lits.","twitter_image":"https:\/\/www.sundoo24.com\/fr\/tenerife\/wp-content\/uploads\/2022\/02\/location-barriere-de-lit-enfant-tenerife.jpg","schema":{"@context":"https:\/\/schema.org","@graph":[{"@type":"WebPage","@id":"https:\/\/www.sundoo24.com\/fr\/tenerife\/produit\/location-barriere-de-lit-enfant\/","url":"https:\/\/www.sundoo24.com\/fr\/tenerife\/produit\/location-barriere-de-lit-enfant\/","name":"Location pas ch\u00e8re de barri\u00e8res de lit \u00e0 Tenerife Sud","isPartOf":{"@id":"https:\/\/www.sundoo24.com\/fr\/tenerife\/#website"},"primaryImageOfPage":{"@id":"https:\/\/www.sundoo24.com\/fr\/tenerife\/produit\/location-barriere-de-lit-enfant\/#primaryimage"},"image":{"@id":"https:\/\/www.sundoo24.com\/fr\/tenerife\/produit\/location-barriere-de-lit-enfant\/#primaryimage"},"thumbnailUrl":"https:\/\/www.sundoo24.com\/fr\/tenerife\/wp-content\/uploads\/2022\/02\/location-barriere-de-lit-enfant-tenerife.jpg","description":"D\u00e8s 2,49 \u20ac\/jour. Location de barri\u00e8res de lit \u00e0 l\u2019a\u00e9roport de Tenerife Sud (TFS). S\u00e9curit\u00e9 enfant, faciles \u00e0 monter, adapt\u00e9es \u00e0 tous les lits.","breadcrumb":{"@id":"https:\/\/www.sundoo24.com\/fr\/tenerife\/produit\/location-barriere-de-lit-enfant\/#breadcrumb"},"inLanguage":"fr-FR","potentialAction":[{"@type":"ReadAction","target":["https:\/\/www.sundoo24.com\/fr\/tenerife\/produit\/location-barriere-de-lit-enfant\/"]}]},{"@type":"ImageObject","inLanguage":"fr-FR","@id":"https:\/\/www.sundoo24.com\/fr\/tenerife\/produit\/location-barriere-de-lit-enfant\/#primaryimage","url":"https:\/\/www.sundoo24.com\/fr\/tenerife\/wp-content\/uploads\/2022\/02\/location-barriere-de-lit-enfant-tenerife.jpg","contentUrl":"https:\/\/www.sundoo24.com\/fr\/tenerife\/wp-content\/uploads\/2022\/02\/location-barriere-de-lit-enfant-tenerife.jpg","width":600,"height":600,"caption":"Location barri\u00e8res de lit Tenerife"},{"@type":"BreadcrumbList","@id":"https:\/\/www.sundoo24.com\/fr\/tenerife\/produit\/location-barriere-de-lit-enfant\/#breadcrumb","itemListElement":[{"@type":"ListItem","position":1,"name":"Mietartikel","item":"https:\/\/www.sundoo24.com\/fr\/tenerife\/shop\/"},{"@type":"ListItem","position":2,"name":"Barri\u00e8re de lit pour enfants en Tenerife"}]},{"@type":"WebSite","@id":"https:\/\/www.sundoo24.com\/fr\/tenerife\/#website","url":"https:\/\/www.sundoo24.com\/fr\/tenerife\/","name":"SUNDOO Teneriffa","description":"Voyagez l\u00e9ger \u2013 nous avons le si\u00e8ge-auto qu\u2019il vous faut \u00e0 l\u2019a\u00e9roport de Tenerife Sud","potentialAction":[{"@type":"SearchAction","target":{"@type":"EntryPoint","urlTemplate":"https:\/\/www.sundoo24.com\/fr\/tenerife\/?s={search_term_string}"},"query-input":{"@type":"PropertyValueSpecification","valueRequired":true,"valueName":"search_term_string"}}],"inLanguage":"fr-FR"}]}},"_links":{"self":[{"href":"https:\/\/www.sundoo24.com\/fr\/tenerife\/wp-json\/wp\/v2\/product\/3245","targetHints":{"allow":["GET"]}}],"collection":[{"href":"https:\/\/www.sundoo24.com\/fr\/tenerife\/wp-json\/wp\/v2\/product"}],"about":[{"href":"https:\/\/www.sundoo24.com\/fr\/tenerife\/wp-json\/wp\/v2\/types\/product"}],"replies":[{"embeddable":true,"href":"https:\/\/www.sundoo24.com\/fr\/tenerife\/wp-json\/wp\/v2\/comments?post=3245"}],"wp:featuredmedia":[{"embeddable":true,"href":"https:\/\/www.sundoo24.com\/fr\/tenerife\/wp-json\/wp\/v2\/media\/7883"}],"wp:attachment":[{"href":"https:\/\/www.sundoo24.com\/fr\/tenerife\/wp-json\/wp\/v2\/media?parent=3245"}],"wp:term":[{"taxonomy":"product_brand","embeddable":true,"href":"https:\/\/www.sundoo24.com\/fr\/tenerife\/wp-json\/wp\/v2\/product_brand?post=3245"},{"taxonomy":"product_cat","embeddable":true,"href":"https:\/\/www.sundoo24.com\/fr\/tenerife\/wp-json\/wp\/v2\/product_cat?post=3245"},{"taxonomy":"product_tag","embeddable":true,"href":"https:\/\/www.sundoo24.com\/fr\/tenerife\/wp-json\/wp\/v2\/product_tag?post=3245"}],"curies":[{"name":"wp","href":"https:\/\/api.w.org\/{rel}","templated":true}]}}