{"id":2780,"date":"2022-01-27T10:41:06","date_gmt":"2022-01-27T09:41:06","guid":{"rendered":"https:\/\/www.sundoo.es\/?page_id=2780"},"modified":"2025-09-15T17:53:03","modified_gmt":"2025-09-15T15:53:03","slug":"comment-ca-marche","status":"publish","type":"page","link":"https:\/\/www.sundoo24.com\/fr\/tenerife\/comment-ca-marche\/","title":{"rendered":"Comment \u00e7a marche"},"content":{"rendered":"<div class=\"wpb-content-wrapper\"><p>[vc_row][vc_column][vc_column_text css=\u00a0\u00bb\u00a0\u00bb css_params=\u00a0\u00bb\u00a0\u00bb]<\/p>\n<h1 class=\"mb-0\"><span style=\"font-size: 28px;\">Comment \u00e7a marche<\/span><\/h1>\n<p><span class=\"text-color-primary\" style=\"font-size: 18px;\"><strong>Voyagez l\u00e9ger, profitez davantage \u2013 SUNDOO Tenerife simplifie vos vacances en famille<\/strong><\/span><\/p>\n<p>Aujourd\u2019hui, on ne transporte plus tout de la maison : la location est devenue une solution pratique et durable. Elle permet de r\u00e9duire les frais de voyage, d\u2019\u00e9conomiser de la place dans les bagages et de limiter l\u2019usure de vos propres \u00e9quipements. Louer ce dont vous avez besoin uniquement pendant vos vacances, c\u2019est aussi un geste malin pour l\u2019environnement.<\/p>\n<p>\u00c0 Tenerife, les familles avec enfants profitent particuli\u00e8rement de ce service. Entre poussettes, si\u00e8ges auto, lits de voyage ou chaises hautes, l\u2019\u00e9quipement peut vite devenir encombrant. Avec SUNDOO Tenerife, vous r\u00e9servez facilement vos articles et les r\u00e9cup\u00e9rez sans effort d\u00e8s votre arriv\u00e9e \u00e0 l\u2019a\u00e9roport de Tenerife Sud (TFS). R\u00e9sultat : moins de stress, plus de temps pour profiter de l\u2019\u00eele d\u00e8s la premi\u00e8re minute.<\/p>\n<p>Tous nos produits respectent des normes strictes de s\u00e9curit\u00e9 et d\u2019hygi\u00e8ne. Chaque article est nettoy\u00e9, d\u00e9sinfect\u00e9 et contr\u00f4l\u00e9 avant d\u2019\u00eatre remis, puis r\u00e9guli\u00e8rement renouvel\u00e9. Vous voyagez ainsi l\u2019esprit libre : vos enfants sont confortablement install\u00e9s, votre budget est pr\u00e9serv\u00e9, et vous d\u00e9marrez vos vacances en toute s\u00e9r\u00e9nit\u00e9.[\/vc_column_text][\/vc_column][\/vc_row][vc_row][vc_column css=\u00a0\u00bb.vc_custom_1647684615994{margin-top: 10px !important;margin-bottom: -25px !important;}\u00a0\u00bb][vc_column_text css=\u00a0\u00bb\u00a0\u00bb css_params=\u00a0\u00bb\u00a0\u00bb]<\/p>\n<h2><span style=\"font-size: 28px;\"><strong>Comment commander :<\/strong><\/span><\/h2>\n<p>[\/vc_column_text][\/vc_column][\/vc_row][vc_row][vc_column width=\u00a0\u00bb1\/4&Prime;]<div class=\"porto-content-box featured-boxes wpb_content_element featured-boxes-flat featured-boxes-style-3\"><div class=\"featured-box featured-box-primary \"><div class=\"box-content\" style=\"\"><i class=\"icon-featured fas fa-shopping-cart text-color-primary border-color-primary\"><\/i>[vc_column_text css=\u00a0\u00bb\u00a0\u00bb css_params=\u00a0\u00bb\u00a0\u00bb]<span class=\"text-color-primary\" style=\"font-size: 20px;\"><strong>CHOISIR VOS ARTICLES<\/strong><\/span><\/p>\n<p>Parcourez notre site, s\u00e9lectionnez les \u00e9quipements souhait\u00e9s et ajoutez-les au panier.[\/vc_column_text]<\/div><\/div><\/div>[\/vc_column][vc_column width=\u00a0\u00bb1\/4&Prime;]<div class=\"porto-content-box featured-boxes wpb_content_element featured-boxes-flat featured-boxes-style-3\"><div class=\"featured-box featured-box-secondary \"><div class=\"box-content\" style=\"\"><i class=\"icon-featured fas fa-paper-plane text-color-secondary border-color-secondary\"><\/i>[vc_column_text css=\u00a0\u00bb\u00a0\u00bb css_params=\u00a0\u00bb\u00a0\u00bb]<span class=\"text-color-secondary\" style=\"font-size: 20px;\"><strong>ENVOYER LA DEMANDE<\/strong><\/span><\/p>\n<p>Une fois tous les produits ajout\u00e9s au panier, saisissez vos coordonn\u00e9es et envoyez votre demande.[\/vc_column_text]<\/div><\/div><\/div>[\/vc_column][vc_column width=\u00a0\u00bb1\/4&Prime;]<div class=\"porto-content-box featured-boxes wpb_content_element featured-boxes-flat featured-boxes-style-3\"><div class=\"featured-box featured-box-tertiary \"><div class=\"box-content\" style=\"\"><i class=\"icon-featured fas fa-check text-color-tertiary border-color-tertiary\"><\/i>[vc_column_text css=\u00a0\u00bb\u00a0\u00bb css_params=\u00a0\u00bb\u00a0\u00bb]<span class=\"text-color-tertiary\" style=\"font-size: 20px;\"><strong>RECEVOIR LA CONFIRMATION<\/strong><\/span><\/p>\n<p>Vous recevrez une confirmation de notre part dans les 24 heures vous indiquant si les articles demand\u00e9s sont disponibles \u00e0 la date de votre voyage.[\/vc_column_text]<\/div><\/div><\/div>[\/vc_column][vc_column width=\u00a0\u00bb1\/4&Prime;]<div class=\"porto-content-box featured-boxes wpb_content_element featured-boxes-flat featured-boxes-style-3\"><div class=\"featured-box featured-box-quaternary \"><div class=\"box-content\" style=\"\"><i class=\"icon-featured fas fa-thumbs-up text-color-quaternary border-color-quaternary\"><\/i>[vc_column_text css=\u00a0\u00bb\u00a0\u00bb css_params=\u00a0\u00bb\u00a0\u00bb]<span class=\"text-color-quaternary\" style=\"font-size: 20px;\"><strong>FINALISER LA R\u00c9SERVATION<\/strong><\/span><\/p>\n<p>R\u00e9glez le montant de la location (par virement bancaire ou PayPal) et votre r\u00e9servation est garantie.[\/vc_column_text]<\/div><\/div><\/div>[\/vc_column][\/vc_row][vc_row][vc_column css=\u00a0\u00bb.vc_custom_1647684625973{margin-top: 10px !important;margin-bottom: -25px !important;}\u00a0\u00bb][vc_column_text css=\u00a0\u00bb\u00a0\u00bb css_params=\u00a0\u00bb\u00a0\u00bb]<\/p>\n<h2><span style=\"font-size: 28px;\"><strong>Comment r\u00e9cup\u00e9rer vos articles :<\/strong><\/span><\/h2>\n<p>[\/vc_column_text][\/vc_column][\/vc_row][vc_row][vc_column width=\u00a0\u00bb1\/3&Prime;]<div class=\"porto-content-box featured-boxes wpb_content_element featured-boxes-flat featured-boxes-style-3\"><div class=\"featured-box featured-box-primary \"><div class=\"box-content\" style=\"\"><i class=\"icon-featured far fa-calendar-alt text-color-primary border-color-primary\"><\/i>[vc_column_text css=\u00a0\u00bb\u00a0\u00bb css_params=\u00a0\u00bb\u00a0\u00bb]<span class=\"text-color-primary\" style=\"font-size: 20px;\"><strong>PRISE DE RENDEZ-VOUS<\/strong><\/span><\/p>\n<p>Nous convenons avec vous d\u2019un horaire pr\u00e9cis \u00e0 l\u2019a\u00e9roport de Tenerife Sud, disponible 24h\/24 et 7j\/7.[\/vc_column_text]<\/div><\/div><\/div>[\/vc_column][vc_column width=\u00a0\u00bb1\/3&Prime;]<div class=\"porto-content-box featured-boxes wpb_content_element featured-boxes-flat featured-boxes-style-3\"><div class=\"featured-box featured-box-secondary \"><div class=\"box-content\" style=\"\"><i class=\"icon-featured fas fa-sync-alt text-color-secondary border-color-secondary\"><\/i>[vc_column_text css=\u00a0\u00bb\u00a0\u00bb css_params=\u00a0\u00bb\u00a0\u00bb]<span class=\"text-color-secondary\" style=\"font-size: 20px;\"><strong>REMISE SUR PLACE<\/strong><\/span><\/p>\n<p>\u00c0 votre arriv\u00e9e, nos collaborateurs vous remettent les articles r\u00e9serv\u00e9s. La caution est vers\u00e9e directement en esp\u00e8ces.[\/vc_column_text]<\/div><\/div><\/div>[\/vc_column][vc_column width=\u00a0\u00bb1\/3&Prime;]<div class=\"porto-content-box featured-boxes wpb_content_element featured-boxes-flat featured-boxes-style-3\"><div class=\"featured-box featured-box-tertiary \"><div class=\"box-content\" style=\"\"><i class=\"icon-featured fas fa-truck text-color-tertiary border-color-tertiary\"><\/i>[vc_column_text css=\u00a0\u00bb\u00a0\u00bb css_params=\u00a0\u00bb\u00a0\u00bb]<span class=\"text-color-tertiary\" style=\"font-size: 20px;\"><strong>RETOUR DES ARTICLES<\/strong><\/span><\/p>\n<p>Le jour de votre d\u00e9part, nous r\u00e9cup\u00e9rons le mat\u00e9riel au m\u00eame endroit et vous restituons la caution.[\/vc_column_text]<\/div><\/div><\/div>[\/vc_column][\/vc_row]<\/p>\n<\/div>","protected":false},"excerpt":{"rendered":"<p>[vc_row][vc_column][vc_column_text css=\u00a0\u00bb\u00a0\u00bb css_params=\u00a0\u00bb\u00a0\u00bb] Comment \u00e7a marche Voyagez l\u00e9ger, profitez davantage \u2013 SUNDOO Tenerife simplifie vos vacances en famille Aujourd\u2019hui, on ne transporte plus tout de la maison : la location est devenue une solution pratique et durable. Elle permet de r\u00e9duire les frais de voyage, d\u2019\u00e9conomiser de la place dans les bagages et de limiter [&hellip;]<\/p>\n","protected":false},"author":3,"featured_media":0,"parent":0,"menu_order":0,"comment_status":"closed","ping_status":"closed","template":"","meta":{"_pvb_checkbox_block_on_post":false,"footnotes":""},"class_list":["post-2780","page","type-page","status-publish","hentry"],"yoast_head":"\n<title>Location de si\u00e8ges \u00e0 l&#039;a\u00e9roport T\u00e9n\u00e9rife Sud - Comment \u00e7a marche<\/title>\n<meta name=\"description\" content=\"Si\u00e8ges enfants, poussettes et accessoires pour enfants \u00e0 l&#039;a\u00e9roport de T\u00e9n\u00e9rife Sud. R\u00e9servez facilement en ligne. Voici comment \u00e7a marche.\" \/>\n<meta name=\"robots\" content=\"index, follow, max-snippet:-1, max-image-preview:large, max-video-preview:-1\" \/>\n<link rel=\"canonical\" href=\"https:\/\/www.sundoo24.com\/fr\/tenerife\/comment-ca-marche\/\" \/>\n<meta property=\"og:locale\" content=\"fr_FR\" \/>\n<meta property=\"og:type\" content=\"article\" \/>\n<meta property=\"og:title\" content=\"Location de si\u00e8ges \u00e0 l&#039;a\u00e9roport T\u00e9n\u00e9rife Sud - Comment \u00e7a marche\" \/>\n<meta property=\"og:description\" content=\"Si\u00e8ges enfants, poussettes et accessoires pour enfants \u00e0 l&#039;a\u00e9roport de T\u00e9n\u00e9rife Sud. R\u00e9servez facilement en ligne. Voici comment \u00e7a marche.\" \/>\n<meta property=\"og:url\" content=\"https:\/\/www.sundoo24.com\/fr\/tenerife\/comment-ca-marche\/\" \/>\n<meta property=\"og:site_name\" content=\"Sundoo24.com\" \/>\n<meta property=\"article:modified_time\" content=\"2025-09-15T15:53:03+00:00\" \/>\n<meta property=\"og:image\" content=\"https:\/\/www.sundoo24.com\/fr\/tenerife\/wp-content\/uploads\/2025\/09\/sundoo-tenerife-mobil.jpg\" \/>\n\t<meta property=\"og:image:width\" content=\"512\" \/>\n\t<meta property=\"og:image:height\" content=\"500\" \/>\n\t<meta property=\"og:image:type\" content=\"image\/jpeg\" \/>\n<meta name=\"twitter:card\" content=\"summary_large_image\" \/>\n<meta name=\"twitter:title\" content=\"Location de si\u00e8ges \u00e0 l&#039;a\u00e9roport T\u00e9n\u00e9rife Sud - Comment \u00e7a marche\" \/>\n<meta name=\"twitter:description\" content=\"Si\u00e8ges enfants, poussettes et accessoires pour enfants \u00e0 l&#039;a\u00e9roport de T\u00e9n\u00e9rife Sud. R\u00e9servez facilement en ligne. Voici comment \u00e7a marche.\" \/>\n<meta name=\"twitter:image\" content=\"https:\/\/www.sundoo24.com\/fr\/tenerife\/wp-content\/uploads\/2025\/09\/sundoo-tenerife-mobil.jpg\" \/>\n<script type=\"application\/ld+json\" class=\"yoast-schema-graph\">{\"@context\":\"https:\/\/schema.org\",\"@graph\":[{\"@type\":\"WebPage\",\"@id\":\"https:\/\/www.sundoo24.com\/fr\/tenerife\/comment-ca-marche\/\",\"url\":\"https:\/\/www.sundoo24.com\/fr\/tenerife\/comment-ca-marche\/\",\"name\":\"Location de si\u00e8ges \u00e0 l'a\u00e9roport T\u00e9n\u00e9rife Sud - Comment \u00e7a marche\",\"isPartOf\":{\"@id\":\"https:\/\/www.sundoo24.com\/fr\/tenerife\/#website\"},\"description\":\"Si\u00e8ges enfants, poussettes et accessoires pour enfants \u00e0 l'a\u00e9roport de T\u00e9n\u00e9rife Sud. R\u00e9servez facilement en ligne. Voici comment \u00e7a marche.\",\"inLanguage\":\"fr-FR\",\"potentialAction\":[{\"@type\":\"ReadAction\",\"target\":[\"https:\/\/www.sundoo24.com\/fr\/tenerife\/comment-ca-marche\/\"]}]},{\"@type\":\"WebSite\",\"@id\":\"https:\/\/www.sundoo24.com\/fr\/tenerife\/#website\",\"url\":\"https:\/\/www.sundoo24.com\/fr\/tenerife\/\",\"name\":\"SUNDOO Teneriffa\",\"description\":\"Voyagez l\u00e9ger \u2013 nous avons le si\u00e8ge-auto qu\u2019il vous faut \u00e0 l\u2019a\u00e9roport de Tenerife Sud\",\"potentialAction\":[{\"@type\":\"SearchAction\",\"target\":{\"@type\":\"EntryPoint\",\"urlTemplate\":\"https:\/\/www.sundoo24.com\/fr\/tenerife\/?s={search_term_string}\"},\"query-input\":{\"@type\":\"PropertyValueSpecification\",\"valueRequired\":true,\"valueName\":\"search_term_string\"}}],\"inLanguage\":\"fr-FR\"}]}<\/script>\n","yoast_head_json":{"title":"Location de si\u00e8ges \u00e0 l'a\u00e9roport T\u00e9n\u00e9rife Sud - Comment \u00e7a marche","description":"Si\u00e8ges enfants, poussettes et accessoires pour enfants \u00e0 l'a\u00e9roport de T\u00e9n\u00e9rife Sud. R\u00e9servez facilement en ligne. Voici comment \u00e7a marche.","robots":{"index":"index","follow":"follow","max-snippet":"max-snippet:-1","max-image-preview":"max-image-preview:large","max-video-preview":"max-video-preview:-1"},"canonical":"https:\/\/www.sundoo24.com\/fr\/tenerife\/comment-ca-marche\/","og_locale":"fr_FR","og_type":"article","og_title":"Location de si\u00e8ges \u00e0 l'a\u00e9roport T\u00e9n\u00e9rife Sud - Comment \u00e7a marche","og_description":"Si\u00e8ges enfants, poussettes et accessoires pour enfants \u00e0 l'a\u00e9roport de T\u00e9n\u00e9rife Sud. R\u00e9servez facilement en ligne. Voici comment \u00e7a marche.","og_url":"https:\/\/www.sundoo24.com\/fr\/tenerife\/comment-ca-marche\/","og_site_name":"Sundoo24.com","article_modified_time":"2025-09-15T15:53:03+00:00","og_image":[{"width":512,"height":500,"url":"https:\/\/www.sundoo24.com\/fr\/tenerife\/wp-content\/uploads\/2025\/09\/sundoo-tenerife-mobil.jpg","type":"image\/jpeg"}],"twitter_card":"summary_large_image","twitter_title":"Location de si\u00e8ges \u00e0 l'a\u00e9roport T\u00e9n\u00e9rife Sud - Comment \u00e7a marche","twitter_description":"Si\u00e8ges enfants, poussettes et accessoires pour enfants \u00e0 l'a\u00e9roport de T\u00e9n\u00e9rife Sud. R\u00e9servez facilement en ligne. Voici comment \u00e7a marche.","twitter_image":"https:\/\/www.sundoo24.com\/fr\/tenerife\/wp-content\/uploads\/2025\/09\/sundoo-tenerife-mobil.jpg","schema":{"@context":"https:\/\/schema.org","@graph":[{"@type":"WebPage","@id":"https:\/\/www.sundoo24.com\/fr\/tenerife\/comment-ca-marche\/","url":"https:\/\/www.sundoo24.com\/fr\/tenerife\/comment-ca-marche\/","name":"Location de si\u00e8ges \u00e0 l'a\u00e9roport T\u00e9n\u00e9rife Sud - Comment \u00e7a marche","isPartOf":{"@id":"https:\/\/www.sundoo24.com\/fr\/tenerife\/#website"},"description":"Si\u00e8ges enfants, poussettes et accessoires pour enfants \u00e0 l'a\u00e9roport de T\u00e9n\u00e9rife Sud. R\u00e9servez facilement en ligne. Voici comment \u00e7a marche.","inLanguage":"fr-FR","potentialAction":[{"@type":"ReadAction","target":["https:\/\/www.sundoo24.com\/fr\/tenerife\/comment-ca-marche\/"]}]},{"@type":"WebSite","@id":"https:\/\/www.sundoo24.com\/fr\/tenerife\/#website","url":"https:\/\/www.sundoo24.com\/fr\/tenerife\/","name":"SUNDOO Teneriffa","description":"Voyagez l\u00e9ger \u2013 nous avons le si\u00e8ge-auto qu\u2019il vous faut \u00e0 l\u2019a\u00e9roport de Tenerife Sud","potentialAction":[{"@type":"SearchAction","target":{"@type":"EntryPoint","urlTemplate":"https:\/\/www.sundoo24.com\/fr\/tenerife\/?s={search_term_string}"},"query-input":{"@type":"PropertyValueSpecification","valueRequired":true,"valueName":"search_term_string"}}],"inLanguage":"fr-FR"}]}},"_links":{"self":[{"href":"https:\/\/www.sundoo24.com\/fr\/tenerife\/wp-json\/wp\/v2\/pages\/2780","targetHints":{"allow":["GET"]}}],"collection":[{"href":"https:\/\/www.sundoo24.com\/fr\/tenerife\/wp-json\/wp\/v2\/pages"}],"about":[{"href":"https:\/\/www.sundoo24.com\/fr\/tenerife\/wp-json\/wp\/v2\/types\/page"}],"author":[{"embeddable":true,"href":"https:\/\/www.sundoo24.com\/fr\/tenerife\/wp-json\/wp\/v2\/users\/3"}],"replies":[{"embeddable":true,"href":"https:\/\/www.sundoo24.com\/fr\/tenerife\/wp-json\/wp\/v2\/comments?post=2780"}],"version-history":[{"count":17,"href":"https:\/\/www.sundoo24.com\/fr\/tenerife\/wp-json\/wp\/v2\/pages\/2780\/revisions"}],"predecessor-version":[{"id":7963,"href":"https:\/\/www.sundoo24.com\/fr\/tenerife\/wp-json\/wp\/v2\/pages\/2780\/revisions\/7963"}],"wp:attachment":[{"href":"https:\/\/www.sundoo24.com\/fr\/tenerife\/wp-json\/wp\/v2\/media?parent=2780"}],"curies":[{"name":"wp","href":"https:\/\/api.w.org\/{rel}","templated":true}]}}